ors of 583649011?
11, 19, 179, 15601
What are the prime factors of 261527423?
29, 97, 239, 389
List the prime factors of 2732922457.
2579, 1059683
List the prime factors of 88610756.
2, 13, 19, 6899
List the prime factors of 3457460970.
2, 3, 5, 19, 23, 29303
List the prime factors of 42519646.
2, 13, 1635371
What are the prime factors of 66591815?
5, 127, 104869
List the prime factors of 1099906219.
19, 57889801
What are the prime factors of 979284036?
2, 3, 103, 792301
List the prime factors of 285267038.
2, 7, 17, 787, 1523
What are the prime factors of 2590159757?
563, 4600639
List the prime factors of 22668833.
11, 2060803
List the prime factors of 793393156.
2, 179, 1108091
What are the prime factors of 655837132?
2, 4273, 38371
What are the prime factors of 6612224356?
2, 14197, 116437
What are the prime factors of 1300099446?
2, 3, 17, 249923
List the prime factors of 35914551.
3, 11971517
List the prime factors of 101146809.
3, 29, 89, 13063
What are the prime factors of 1062998880?
2, 3, 5, 1259, 1759
What are the prime factors of 2363473?
7, 337639
List the prime factors of 4833941425.
5, 211, 916387
List the prime factors of 966451290.
2, 3, 5, 7, 53, 71, 1223
List the prime factors of 680420569.
23, 149, 367, 541
What are the prime factors of 167698654?
2, 31, 2704817
List the prime factors of 3305175367.
13, 727, 349717
List the prime factors of 3394459998.
2, 3, 2593, 72727
What are the prime factors of 180534524?
2, 45133631
List the prime factors of 71674274.
2, 7, 757, 6763
What are the prime factors of 658676378?
2, 107, 3077927
List the prime factors of 174345016.
2, 21793127
List the prime factors of 1104002033.
137, 8058409
What are the prime factors of 972628102?
2, 37, 131, 100333
List the prime factors of 172965958.
2, 11, 157, 50077
What are the prime factors of 130468345?
5, 7, 19, 196193
What are the prime factors of 31690132?
2, 337, 23509
What are the prime factors of 90924362?
2, 53, 491, 1747
List the prime factors of 151630045.
5, 7, 67, 64661
List the prime factors of 307258795.
5, 6791, 9049
List the prime factors of 265714540.
2, 5, 7, 13, 83, 1759
What are the prime factors of 104419109?
104419109
List the prime factors of 41499602.
2, 479, 43319
List the prime factors of 3364009458.
2, 3, 103, 409, 13309
List the prime factors of 89317559.
2861, 31219
List the prime factors of 39223075.
5, 1568923
List the prime factors of 4422245096.
2, 552780637
List the prime factors of 362130499.
31, 797, 14657
What are the prime factors of 21020456?
2, 2627557
What are the prime factors of 315174283?
59, 1259, 4243
List the prime factors of 64357254.
2, 3, 13, 30559
What are the prime factors of 7020256142?
2, 29, 121038899
What are the prime factors of 26177651?
59, 443689
What are the prime factors of 16349302?
2, 379, 21569
List the prime factors of 289164890.
2, 5, 7, 4130927
What are the prime factors of 357503601?
3, 7, 13, 19, 157, 439
What are the prime factors of 361972877?
7, 83, 623017
What are the prime factors of 1279945676?
2, 23, 61, 79, 2887
List the prime factors of 262476480.
2, 3, 5, 7, 139, 281
What are the prime factors of 69196722?
2, 3, 7, 373, 631
List the prime factors of 3789479383.
53, 1753, 40787
List the prime factors of 553205841.
3, 97, 277, 6863
List the prime factors of 402706333.
23, 163, 659
List the prime factors of 218665913.
3691, 59243
List the prime factors of 6199037.
13, 476849
List the prime factors of 390049834.
2, 195024917
What are the prime factors of 899073005?
5, 31, 127, 45673
List the prime factors of 1154616511.
97, 283, 42061
List the prime factors of 576980025.
3, 5, 7693067
What are the prime factors of 198001214?
2, 67, 1477621
List the prime factors of 153271628.
2, 2663, 14389
What are the prime factors of 2301060755?
5, 7, 17, 461, 8389
What are the prime factors of 4841756538?
2, 3, 29, 61, 456167
What are the prime factors of 2100860283?
3, 6547, 106963
What are the prime factors of 612524319?
3, 11, 31, 173, 3461
List the prime factors of 3639633919.
23, 41, 683, 5651
What are the prime factors of 85906985?
5, 467, 36791
List the prime factors of 1234934266.
2, 443, 1393831
What are the prime factors of 2848710255?
3, 5, 189914017
What are the prime factors of 103009687?
11, 53, 109, 1621
List the prime factors of 224248776.
2, 3, 2503, 3733
What are the prime factors of 4142695992?
2, 3, 101, 1709033
What are the prime factors of 140757871?
19, 389911
List the prime factors of 489511228.
2, 122377807
List the prime factors of 851860038.
2, 3, 17, 1693, 4933
What are the prime factors of 73049960?
2, 5, 83, 22003
What are the prime factors of 192500618?
2, 137, 702557
List the prime factors of 183506459.
12653, 14503
What are the prime factors of 1009060090?
2, 5, 233, 433073
List the prime factors of 1772439.
3, 590813
List the prime factors of 1285628039.
73, 2341, 7523
List the prime factors of 151400791.
151400791
What are the prime factors of 13049488?
2, 823, 991
What are the prime factors of 64850673?
3, 21616891
List the prime factors of 617823125.
5, 23, 42979
List the prime factors of 42227242.
2, 193, 109397
List the prime factors of 1999026863.
83, 127, 189643
What are the prime factors of 208003188?
2, 3, 17333599
What are the prime factors of 1372643774?
2, 433, 1049, 1511
What are the prime factors of 8358633730?
2, 5, 113, 1607, 4603
List the prime factors of 6034750.
2, 5, 101, 239
What are the prime factors of 721374770?
2, 5, 17, 281, 15101
List the prime factors of 418471939.
4297, 97387
List the prime factors of 68924635.
5, 13, 1060379
What are the prime factors of 381613513?
381613513
What are the prime factors of 33055275?
3, 5, 11, 103, 389
What are the prime factors of 1616283845?
5, 11, 181, 162359
List the prime factors of 185447922.
2, 3, 11, 37, 75941
What are the prime factors of 117907300?
2, 5, 7, 179, 941
What are the prime factors of 746356067?
199, 3750533
List the prime factors of 43327884.
2, 3, 3610657
What are the prime factors of 53970137?
13, 4151549
What are the prime factors of 459896983?
7, 13, 23, 219731
List the prime factors of 5347158390.
2, 3, 5, 7, 71, 173, 691
List the prime factors of 64597174.
2, 1279, 25253
List the prime factors of 60494359.
53, 131, 8713
List the prime factors of 8127916.
2, 2031979
What are the prime factors of 764574574?
2, 809, 472543
List the prime factors of 184646802.
2, 3, 1117, 27551
List the prime factors of 7142867.
691, 10337
List the prime factors of 123211461.
3, 17, 1427, 1693
List the prime factors of 506865336.
2, 3, 17, 1242317
List the prime factors of 1262097761.
31, 643, 63317
What are the prime factors of 201014112?
2, 3, 13, 23, 47, 149
What are the prime factors of 629657?
7, 293, 307
What are the prime factors of 2640358262?
2, 41, 32199491
What are the prime factors of 1911454931?
29, 1123, 58693
List the prime factors of 2340855258.
2, 3, 7, 197, 282917
List the prime factors of 578856436.
2, 144714109
What are the prime factors of 389663785?
5, 7, 1109, 10039
What are the prime factors of 22414872?
2, 3, 933953
What are the prime factors of 882699588?
2, 3, 24519433
List the prime factors of 50835163.
50835163
What are the prime factors of 98333990?
2, 5, 41, 373, 643
List the prime factors of 54946736.
2, 13, 264167
What are the prime factors of 588678022?
2, 757, 388823
What are the prime factors of 55849826?
2, 383, 72911
What are the prime factors of 597269546?
2, 79, 97, 38971
List the prime factors of 46096535.
5, 31, 297397
List the prime factors of 54224147.
883, 61409
What are the prime factors of 83381148?
2, 3, 29, 79867
List the prime factors of 60186146.
2, 2477, 12149
List the prime factors of 749526130.
2, 5, 3209, 23357
List the prime factors of 1254943663.
47, 379, 70451
What are the prime factors of 1265917111?
1265917111
What are the prime factors of 103719678?
2, 3, 1429, 12097
List the prime factors of 172664078.
2, 491, 175829
What are the prime factors of 86416373?
1051, 82223
List the prime factors of 165543817.
165543817
What are the prime factors of 1237075810?
2, 5, 463, 267187
List the prime factors of 412536031.
412536031
What are the prime factors of 1074497634?
2, 3, 7, 31, 239, 1151
What are the prime factors of 137535054